(o) = 8*o**2 - 12*o - 65. What is j(-4)?
111
Let s(x) = x**3 + 6*x**2 + 14*x + 29. Determine s(-6).
-55
Let z(n) = 2*n**2 - 62*n - 368. What is z(-5)?
-8
Let o(t) = -41*t + 78. What is o(5)?
-127
Let m(d) = d**3 - 30*d**2 - 22*d - 255. Give m(31).
24
Let l(v) = -29*v + 20. Give l(-7).
223
Let o(a) = -67*a + 6690. Calculate o(101).
-77
Let x(v) = -v**3 + 10*v**2 - 4*v - 15. What is x(8)?
81
Let m(h) = -35*h**3 + 495*h**2 - 64*h - 83. Give m(14).
1
Let n(d) = 6*d**3 - 11*d**2 - d - 11. Give n(6).
883
Let r(v) = 5*v**2 + 111*v + 448. Calculate r(-17).
6
Let q(h) = -40*h + 3255. Determine q(81).
15
Let l(s) = -4*s**2 + 21*s + 26. Give l(6).
8
Let a(v) = -104*v + 3741. What is a(36)?
-3
Let i(c) = 2*c**2 - 36*c - 446. Determine i(-7).
-96
Let n(x) = 16*x**2 - 24*x - 77. Calculate n(3).
-5
Let n(s) = 40*s**2 + 1449*s + 309. Give n(-36).
-15
Let c(r) = -r**3 + 14*r**2 - 5*r - 195. What is c(13)?
-91
Let o(b) = b**2 + 587*b + 7468. What is o(-13)?
6
Let k(v) = v**3 - 124*v**2 - 8927*v + 363. Determine k(175).
13
Let v(t) = -t**2 - 502*t - 54172. Give v(-157).
-7
Let k(h) = 145*h - 530. Calculate k(4).
50
Let d(c) = -16*c - 348. What is d(-25)?
52
Let p(d) = 63*d + 509. What is p(-8)?
5
Let a(d) = d**2 - 7*d - 5. Determine a(6).
-11
Let i(l) = 22*l**2 - l - 39. What is i(0)?
-39
Let z(u) = 226*u - 426. Calculate z(7).
1156
Let r(j) = j**2 + 78*j + 1081. Determine r(-60).
1
Let s(r) = -12*r**2 - 37*r + 82. Calculate s(2).
-40
Let m(u) = -2*u**2 + 44*u - 249. Give m(12).
-9
Let k(a) = -a**3 - 9*a**2 - 35*a - 164. Calculate k(-6).
-62
Let s(i) = i**2 + 6*i - 1. Give s(-6).
-1
Let t(b) = b**3 + 46*b**2 + 11*b + 20. Give t(-46).
-486
Let h(b) = -b**2 + 227*b + 916. Give h(-4).
-8
Let m(r) = 346*r**2 + 231*r - 232. Calculate m(1).
345
Let r(y) = -5673*y + 22699. Determine r(4).
7
Let m(f) = f**3 - 15*f**2 + 63*f - 134. What is m(10)?
-4
Let n(v) = 224*v - 423. Calculate n(2).
25
Let y(a) = -a**3 - 22*a**2 - 121*a - 238. Determine y(-15).
2
Let x(h) = 4*h**2 + 2*h - 225. Calculate x(-9).
81
Let q(i) = -487*i + 70610. Give q(145).
-5
Let c(b) = 105*b**2 - 2308*b - 57. Calculate c(22).
-13
Let x(r) = -7*r**2 - 67*r - 131. Calculate x(-3).
7
Let z(h) = 14*h**2 + 151*h - 22. What is z(-11)?
11
Let a(b) = 118*b + 1669. What is a(-14)?
17
Let l(g) = 433*g + 3458. Calculate l(-8).
-6
Let r(d) = 468*d - 5156. Determine r(11).
-8
Let o(p) = 280*p - 552. Give o(2).
8
Let z(w) = 20*w - 342. What is z(22)?
98
Let r(z) = -z**3 + 12*z**2 - 3*z - 80. Determine r(7).
144
Let l(z) = z**3 - 9*z**2 + 7*z - 54. Determine l(9).
9
Let x(t) = -16*t + 801. Determine x(66).
-255
Let y(f) = -2*f**3 - 112*f**2 + 114*f + 25. Calculate y(-57).
25
Let j(p) = -p**2 + 83*p + 3356. What is j(-30)?
-34
Let x(z) = -36*z**2 - 16*z + 2. What is x(2)?
-174
Let v(i) = i**3 + 13*i**2 - 93*i - 71. Calculate v(-18).
-17
Let o(b) = 3*b**2 - 211*b + 1214. What is o(6)?
56
Let s(u) = u - 20. Determine s(1).
-19
Let q(f) = -47*f - 4632. Calculate q(-110).
538
Let u(v) = 3*v**3 - 19*v**2 + 20*v - 89. Give u(6).
-5
Let m(i) = -588*i - 7654. Give m(-13).
-10
Let h(l) = -4*l**3 + 28*l**2 + 12*l + 169. Determine h(8).
9
Let s(k) = 2*k**2 + 173*k + 1333. What is s(-78)?
7
Let v(m) = m**3 - 35*m**2 - 72*m - 95. Calculate v(37).
-21
Let o(a) = -2*a**3 - 114*a**2 - 3*a - 172. Give o(-57).
-1
Let a(l) = -3882*l + 112578. Give a(29).
0
Let h(g) = -g**2 + 7*g - 1. What is h(11)?
-45
Let m(f) = 34*f**2 - 1358*f - 75. Determine m(40).
5
Let x(r) = r**3 - 25*r**2 - 305*r - 44. What is x(34)?
-10
Let t(h) = -173*h - 7411. What is t(-42)?
-145
Let q(y) = -y**3 - 19*y**2 + 75*y + 1104. What is q(-20)?
4
Let y(n) = n**3 - 2*n**2 - 20*n. Determine y(6).
24
Let k(u) = -26*u**2 + 1765*u + 212. Calculate k(68).
8
Let m(q) = 36*q**2 - 469*q + 1. Give m(13).
-12
Let x(q) = q**3 - 135*q**2 + 273*q - 12. Calculate x(2).
2
Let h(b) = b**3 + 2*b**2 + 6*b - 3. Calculate h(-3).
-30
Let v(r) = 28*r + 4083. Determine v(-146).
-5
Let d(i) = -295*i - 3850. Give d(-13).
-15
Let j(c) = -3*c**3 + 5*c**2 + 24*c - 84. Give j(3).
-48
Let j(p) = 54*p + 3140. Calculate j(-58).
8
Let a(b) = -9*b**2 + 144*b + 717. Give a(20).
-3
Let z(u) = -u**2 - 31*u + 8687. Determine z(79).
-3
Let b(d) = d**2 + 33*d + 116. Calculate b(-25).
-84
Let y(k) = 3*k**3 - 12*k**2 - 11*k + 38. Determine y(4).
-6
Let h(j) = 2*j**3 + 4*j**2 + j - 11. Give h(3).
82
Let q(g) = -g**2 - 31*g - 92. Determine q(-31).
-92
Let b(n) = -n**3 + 12*n - 1. Calculate b(-3).
-10
Let z(a) = 2*a**3 - 7*a**2 + 25*a - 31. Give z(2).
7
Let w(a) = 207*a - 830. What is w(4)?
-2
Let b(s) = -s**2 + 46*s - 381. Determine b(11).
4
Let g(u) = 2*u**3 - 6*u**2 - 73*u - 14. Give g(8).
42
Let h(y) = y - 26. Give h(-18).
-44
Let j(g) = 371*g - 313. Calculate j(-1).
-684
Let p(s) = -96*s + 4486. Calculate p(47).
-26
Let p(z) = -z**3 - 11*z**2 - 163*z - 288. Give p(-2).
2
Let f(n) = -103*n + 666. Give f(8).
-158
Let t(r) = 15*r - 69. Calculate t(3).
-24
Let d(f) = -f**3 + 16*f**2 + 83*f - 67. Calculate d(20).
-7
Let x(l) = -l**3 - 5*l**2 - 2*l - 228. Give x(0).
-228
Let u(r) = -r**2 + 5*r + 44. Calculate u(-11).
-132
Let v(y) = -20517*y + 61546. Give v(3).
-5
Let k(x) = -98*x - 1279. Calculate k(-13).
-5
Let g(r) = 3*r**3 + 296*r**2 - 95*r + 401. Give g(-99).
5
Let g(b) = 2*b**2 + 82*b - 260. What is g(-44)?
4
Let n(j) = 8*j + 243. What is n(-41)?
-85
Let t(o) = -168*o - 26. Give t(-1).
142
Let w(o) = o**3 + 27*o**2 - 31*o - 132. Determine w(-28).
-48
Let q(o) = o**3 - 31*o**2 - 39*o + 91. Give q(32).
-133
Let g(r) = -3*r**2 + 64*r + 461. Determine g(-5).
66
Let k(n) = -114*n - 3040. Give k(-26).
-76
Let v(d) = -d**3 - 26*d**2 + 2*d + 39. Give v(-26).
-13
Let h(k) = -11*k - 289. Give h(-30).
41
Let j(o) = 2*o**3 + 21*o**2 - 20*o + 41. Calculate j(-13).
-544
Let j(z) = 5*z**2 - 19*z + 86. Give j(4).
90
Let x(a) = 259*a**2 + 65787*a + 250. What is x(-254)?
-4
Let n(g) = 3*g**2 - 19*g + 50. What is n(9)?
122
Let k(f) = 263*f + 31556. What is k(-120)?
-4
Let y(b) = 114*b + 673. Determine y(-10).
-467
Let q(d) = 18*d**2 - 49*d - 9. Calculate q(0).
-9
Let w(g) = g**2 - 66*g + 369. What is w(6)?
9
Let p(b) = 3*b**3 + 2*b**2 + 3*b + 42. Calculate p(-7).
-910
Let z(t) = -75*t - 500. What is z(-6)?
-50
Let b(a) = a**3 - 8*a**2 - 10*a + 82. Calculate b(5).
-43
Let f(g) = g**3 - 16*g**2 + 55*g + 12. Determine f(5).
12
Let b(s) = s**3 + 16*s**2 + 39*s - 24. Give b(-12).
84
Let x(f) = -f**3 - 25*f**2 + 7*f - 51. Give x(-26).
443
Let c(o) = o**2 + 36*o - 824. Determine c(-52).
8
Let x(y) = -67*y**2 - 465*y - 4. Determine x(-7).
-32
Let o(z) = z**3 - 3*z**2 - 4*z + 10. Give o(3).
-2
Let i(n) = -2*n**2 - 125*n + 250. Determine i(-65).
-75
Let c(m) = -m**3 + m**2 + 32*m + 25. Calculate c(8).
-167
Let j(v) = 241*v + 5. What is j(0)?
5
Let r(y) = y**2 - 66*y - 2163. Calculate r(90).
-3
Let n(q) = -q**3 + 14*q**2 - 108*q + 969. Give n(12).
-39
Let k(a) = 9*a**3 + 26*a**2 - 28*a + 55. Give k(-4).
7
Let d(s) = s**3 + 36*s**2 + 27*s - 163. Calculate d(-35).
117
Let r(u) = 6*u**3 + 35*u**2 - 4*u + 12. Give r(-6).
0
Let g(t) = 14*t**3 - 8*t**2 + 3*t - 1. What is g(1)?
8
Let y(i) = -12760*i + 25513. Determine y(2).
-7
Let o(k) = -5*k**3 - 10*k**2 - k + 10. What is o(-1)?
6
Let o(z) = 2*z**2 - 41*z - 91. Give o(15).
-256
Let l(x) = 874*x + 5346. What is l(-6)?
102
Let c(j) = -10*j**2 - 5259*j - 5260. Determine c(-1).
-11
Let x(v) = -520*v + 10398. Give x(20).
-2
Let y(g) = g**2 - 20*g + 117. Give y(0).
117
Let j(k) = 18*k**3 + 16*k**2 - 13*k - 5. Give j(1).
16
Let k(q) = q**2 - 20*q - 56. Give k(28).
168
Let z(o) = 459*o + 1897. What is z(-4)?
61
Let w(d) = -30*d**2 - 24*d + 1. Calculate w(-3).
-197
Let v(n) = 6*n**3 + 2*n**2 + 3*n - 69. Give v(0).
-69
Let o(b) = -166*b + 826. What is o(5)?
-4
Let s(r) = r**3 - 2*r**2 - 7*r - 7. Determine s(-2).
-9
Let p(k) = -11454*k - 11455. Determine p(-1).
-1
Let t(f) = -42*f + 754. Calculate t(16).
82
Let a(s) = -3*s - 36. Calculate a(-5).
-21
Let h(d) = -d**2 + 50*d - 17. Give h(50).
-17
Let i(v) = -2*v**3 + 7*v**2 + 22*v - 7. Determine i(-3).
44
Let n(z) = 2*z**3 - 2*z**2 - 3*z + 3. Give n(2).
5
Let a(x) = -x**3 + 27*x**2 - 77*x - 51. Calculate a(23).
294
Let f(o) = 2*o + 49. What is f(-24)?
1
Let u(i) = -i**3 - 5*i**2 + 19*i - 13. Determine u(8).
-693
Let c(x) = -x**2 + 39*x - 165. What 